{"id":17,"date":"2008-10-29T18:11:28","date_gmt":"2008-10-29T17:11:28","guid":{"rendered":"http:\/\/www.taverne-leisnig.de\/wordpress\/?page_id=17"},"modified":"2016-05-19T22:19:25","modified_gmt":"2016-05-19T21:19:25","slug":"taverne","status":"publish","type":"page","link":"http:\/\/www.taverne-leisnig.de\/?page_id=17","title":{"rendered":"Gaststube und Terrasse"},"content":{"rendered":"<h2>Die Taverne<\/h2>\n<p><a title=\"aktuelle Maigalerie\" href=\"http:\/\/www.taverne-leisnig.de\/?page_id=5565\"><img loading=\"lazy\" decoding=\"async\" class=\"links size-medium wp-image-576 alignnone\" title=\"Aktuelle Bildergalerie\" alt=\"\" src=\"http:\/\/www.taverne-leisnig.de\/wp-content\/uploads\/2008\/11\/netimg_00013-225x300.jpg\" width=\"144\" height=\"192\" srcset=\"http:\/\/www.taverne-leisnig.de\/wp-content\/uploads\/2008\/11\/netimg_00013-225x300.jpg 225w, http:\/\/www.taverne-leisnig.de\/wp-content\/uploads\/2008\/11\/netimg_00013.jpg 450w\" sizes=\"auto, (max-width: 144px) 100vw, 144px\" \/><\/a>Das Haus liegt auf direktem Weg zur Burg Mildenstein. Es wurde im 16. und 17. Jahrhundert in mehreren Phasen erbaut. Die alte Stadtmauer verl\u00e4uft direkt durch das Geb\u00e4ude. Im Jahr 2000 wurde es liebevoll saniert und zur Gastst\u00e4tte mit 45 Sitzpl\u00e4tzen ( Busgruppen bis 50 Personen ) umgebaut.<br \/>\nUnser Biergarten verf\u00fcgt \u00fcber weitere 40 Pl\u00e4tze.<br \/>\nBurg Mildenstein, der Leisniger Riesenstiefel, die romantische Altstadt und der Muldentalradweg machen Leisnig zu einem begehrten Ausflugsziel im Gro\u00dfraum Leipzig &#8211; Dresden &#8211; Chemnitz.<\/p>\n<h2>Terrasse mit Blick ins Muldental<\/h2>\n<p><a title=\"Galerie Unsere Terrasse 2009\" href=\"http:\/\/www.taverne-leisnig.de\/?page_id=5529\"><img loading=\"lazy\" decoding=\"async\" class=\"links size-medium wp-image-576 alignnone\" title=\"Bildergalerie\" alt=\"\" src=\"http:\/\/www.taverne-leisnig.de\/wp-content\/uploads\/2008\/11\/netimg_0009-300x224.jpg\" width=\"300\" height=\"224\" \/><\/a>Gro\u00dfe Terrasse mit ca. 40 Sitzpl\u00e4tzen. Genie\u00dfen Sie den Blick ins sch\u00f6ne Muldental bei frisch gezapftem Bier vom Fass, sommerlichen Salattellern, Deftigem vom Grill und erfrischenden Eisbechern. Probieren Sie auch unseren ofenfrischen Apfelstrudel zum Kaffee. An k\u00fchleren Abenden stehen Ihnen Heizstrahler zur Verf\u00fcgung.<br \/>\n<iframe loading=\"lazy\" src=\"https:\/\/www.youtube.com\/embed\/V04jpSLuI80\" height=\"315\" width=\"560\" allowfullscreen=\"\" frameborder=\"0\"><\/iframe><\/p>\n","protected":false},"excerpt":{"rendered":"<p>Die Taverne Das Haus liegt auf direktem Weg zur Burg Mildenstein. Es wurde im 16. und 17. Jahrhundert in mehreren Phasen erbaut. Die alte Stadtmauer verl\u00e4uft direkt durch das Geb\u00e4ude. Im Jahr 2000 wurde es liebevoll saniert und zur Gastst\u00e4tte mit 45 Sitzpl\u00e4tzen ( Busgruppen bis 50 Personen ) umgebaut. Unser Biergarten verf\u00fcgt \u00fcber weitere [&hellip;]<\/p>\n","protected":false},"author":1,"featured_media":0,"parent":0,"menu_order":2,"comment_status":"closed","ping_status":"open","template":"","meta":{"ngg_post_thumbnail":0,"footnotes":""},"class_list":["post-17","page","type-page","status-publish","hentry"],"_links":{"self":[{"href":"http:\/\/www.taverne-leisnig.de\/index.php?rest_route=\/wp\/v2\/pages\/17","targetHints":{"allow":["GET"]}}],"collection":[{"href":"http:\/\/www.taverne-leisnig.de\/index.php?rest_route=\/wp\/v2\/pages"}],"about":[{"href":"http:\/\/www.taverne-leisnig.de\/index.php?rest_route=\/wp\/v2\/types\/page"}],"author":[{"embeddable":true,"href":"http:\/\/www.taverne-leisnig.de\/index.php?rest_route=\/wp\/v2\/users\/1"}],"replies":[{"embeddable":true,"href":"http:\/\/www.taverne-leisnig.de\/index.php?rest_route=%2Fwp%2Fv2%2Fcomments&post=17"}],"version-history":[{"count":101,"href":"http:\/\/www.taverne-leisnig.de\/index.php?rest_route=\/wp\/v2\/pages\/17\/revisions"}],"predecessor-version":[{"id":21,"href":"http:\/\/www.taverne-leisnig.de\/index.php?rest_route=\/wp\/v2\/pages\/17\/revisions\/21"}],"wp:attachment":[{"href":"http:\/\/www.taverne-leisnig.de\/index.php?rest_route=%2Fwp%2Fv2%2Fmedia&parent=17"}],"curies":[{"name":"wp","href":"https:\/\/api.w.org\/{rel}","templated":true}]}}