{"id":161,"date":"2008-11-11T11:05:09","date_gmt":"2008-11-11T10:05:09","guid":{"rendered":"http:\/\/www.taverne-leisnig.de\/wordpress\/?page_id=161"},"modified":"2021-09-06T19:54:05","modified_gmt":"2021-09-06T18:54:05","slug":"oeffnungszeiten_taverne_leisnig","status":"publish","type":"page","link":"http:\/\/www.taverne-leisnig.de\/?page_id=161","title":{"rendered":"Unsere \u00d6ffnungszeiten"},"content":{"rendered":"<p><span style=\"color: #800000;\"><strong>Montag:&nbsp;&nbsp;&nbsp;&nbsp;&nbsp;&nbsp;&nbsp;&nbsp;&nbsp;&nbsp;&nbsp;&nbsp;&nbsp;&nbsp;&nbsp;&nbsp;&nbsp;&nbsp;&nbsp;&nbsp;&nbsp;&nbsp;&nbsp;&nbsp;&nbsp;&nbsp; 17.00 &#8211; 21.00 Uhr nach Reservierung<br \/>\nDienstag:&nbsp;&nbsp;&nbsp;&nbsp;&nbsp;&nbsp;&nbsp;&nbsp;&nbsp;&nbsp;&nbsp;&nbsp;&nbsp;&nbsp;&nbsp;&nbsp;&nbsp;&nbsp;&nbsp;&nbsp;&nbsp;&nbsp;&nbsp;&nbsp; Ruhetag<br \/>\nMittwoch bis Freitag:&nbsp;&nbsp;&nbsp;&nbsp; 11.30 &#8211; 14.00 Uhr und 17.00 &#8211; 22.00 Uhr<br \/>\nSamstag:&nbsp; &nbsp; &nbsp; &nbsp; &nbsp; &nbsp; &nbsp; &nbsp; &nbsp; &nbsp; &nbsp; &nbsp; &nbsp;11.30 &#8211; 22.00 Uhr<\/strong><br \/>\n<strong>Sonn- und&nbsp; Feiertage:&nbsp;&nbsp;&nbsp; 11.30 &#8211; 21.00 Uhr<\/strong><\/span><\/p>\n<p><strong><span style=\"color: #800000;\"><span style=\"color: #ff0000;\">K\u00fcchenschlu\u00df ist immer eine Stunde vor Schlie\u00dfung.<\/span><br \/>\nAu\u00dferhalb der \u00d6ffnungszeiten gerne nach Vereinbarung.<\/span><\/strong><\/p>\n<h3><span class=\"ueberschrift\"><span style=\"color: #800000;\">Reservierungen<\/span><\/span><\/h3>\n<p><span class=\"fliesstext\"><span style=\"color: #800000;\">Ihre Reservierungen nehmen wir gerne telefonisch entgegen.<\/span><\/span><\/p>\n<p><strong><span style=\"color: #800000;\">Telefon 034321 \/ 50426<\/span><\/strong><\/p>\n","protected":false},"excerpt":{"rendered":"<p>Montag:&nbsp;&nbsp;&nbsp;&nbsp;&nbsp;&nbsp;&nbsp;&nbsp;&nbsp;&nbsp;&nbsp;&nbsp;&nbsp;&nbsp;&nbsp;&nbsp;&nbsp;&nbsp;&nbsp;&nbsp;&nbsp;&nbsp;&nbsp;&nbsp;&nbsp;&nbsp; 17.00 &#8211; 21.00 Uhr nach Reservierung Dienstag:&nbsp;&nbsp;&nbsp;&nbsp;&nbsp;&nbsp;&nbsp;&nbsp;&nbsp;&nbsp;&nbsp;&nbsp;&nbsp;&nbsp;&nbsp;&nbsp;&nbsp;&nbsp;&nbsp;&nbsp;&nbsp;&nbsp;&nbsp;&nbsp; Ruhetag Mittwoch bis Freitag:&nbsp;&nbsp;&nbsp;&nbsp; 11.30 &#8211; 14.00 Uhr und 17.00 &#8211; 22.00 Uhr Samstag:&nbsp; &nbsp; &nbsp; &nbsp; &nbsp; &nbsp; &nbsp; &nbsp; &nbsp; &nbsp; &nbsp; &nbsp; &nbsp;11.30 &#8211; 22.00 Uhr Sonn- und&nbsp; Feiertage:&nbsp;&nbsp;&nbsp; 11.30 &#8211; 21.00 Uhr K\u00fcchenschlu\u00df ist immer eine Stunde vor Schlie\u00dfung. Au\u00dferhalb der \u00d6ffnungszeiten gerne [&hellip;]<\/p>\n","protected":false},"author":1,"featured_media":0,"parent":0,"menu_order":1,"comment_status":"closed","ping_status":"open","template":"","meta":{"ngg_post_thumbnail":0,"footnotes":""},"class_list":["post-161","page","type-page","status-publish","hentry"],"_links":{"self":[{"href":"http:\/\/www.taverne-leisnig.de\/index.php?rest_route=\/wp\/v2\/pages\/161","targetHints":{"allow":["GET"]}}],"collection":[{"href":"http:\/\/www.taverne-leisnig.de\/index.php?rest_route=\/wp\/v2\/pages"}],"about":[{"href":"http:\/\/www.taverne-leisnig.de\/index.php?rest_route=\/wp\/v2\/types\/page"}],"author":[{"embeddable":true,"href":"http:\/\/www.taverne-leisnig.de\/index.php?rest_route=\/wp\/v2\/users\/1"}],"replies":[{"embeddable":true,"href":"http:\/\/www.taverne-leisnig.de\/index.php?rest_route=%2Fwp%2Fv2%2Fcomments&post=161"}],"version-history":[{"count":46,"href":"http:\/\/www.taverne-leisnig.de\/index.php?rest_route=\/wp\/v2\/pages\/161\/revisions"}],"predecessor-version":[{"id":11193,"href":"http:\/\/www.taverne-leisnig.de\/index.php?rest_route=\/wp\/v2\/pages\/161\/revisions\/11193"}],"wp:attachment":[{"href":"http:\/\/www.taverne-leisnig.de\/index.php?rest_route=%2Fwp%2Fv2%2Fmedia&parent=161"}],"curies":[{"name":"wp","href":"https:\/\/api.w.org\/{rel}","templated":true}]}}